ainder when 16 is divided by o(s)?
4
Suppose 92 = i + 3*i. Suppose -5*h - 16*c = -17*c - 213, -58 = -h - 2*c. Calculate the remainder when h is divided by i.
21
Suppose -8 = 5*a - a. Let h(t) be the third derivative of -2*t**4 - 5*t**3/6 - 16*t**2 + 2. Calculate the remainder when h(a) is divided by 31.
29
Suppose 0 = -2*u - 3*h + 47, 21*u - 4*h - 64 = 17*u. Calculate the remainder when 85 is divided by u.
9
Let t(m) = m**2 - 7*m + 7. Let r be t(-7). Suppose -3*f + 5*n = r, 3*f = 5*f + 5*n + 95. Calculate the remainder when 48 is divided by 5/10*f/(-2).
8
Let t(a) = a**2 + 6*a - 4. Let n be t(-8). Let u = n + -7. Let z(r) = r**2 - 57*r + 359. Calculate the remainder when z(50) is divided by u.
4
Let d be -7 - (-22)/(8 - 6). Suppose 0 = -3*w + 2*g + 127, -58 - 116 = -d*w - 2*g. What is the remainder when 187 is divided by w?
15
Let r = -15852 - -15856. Calculate the remainder when 25 is divided by r.
1
Let i(g) = g**3 + 5*g**2 - 2*g - 10. Let r be i(-5). Suppose 3*d + r*d - 9 = 0. Suppose -149 = -d*p - 8. What is the remainder when 91 is divided by p?
44
Let h = 4612 - 4550. Calculate the remainder when 179 is divided by h.
55
Suppose g + 2*m - 103 = -4*g, -4*g + m = -85. Suppose -g*q + 29*q = 168. What is the remainder when 79 is divided by q?
16
Let p(r) = 3*r + 92. Let q(g) = 8*g**2 - 3*g - 3. Suppose 2*v - 8 = 6*v. Calculate the remainder when q(v) is divided by p(-27).
2
Let q(i) = 2*i**3 - 29*i**2 - 11*i - 19. Let d be q(16). Let t = -507 + d. Calculate the remainder when 237 is divided by t.
39
Let b = 836 - 466. Suppose 320 = -z + b. What is the remainder when 81 is divided by z?
31
Let l(n) = -n**3 - 17*n**2 - 63*n - 455. Calculate the remainder when 193 is divided by l(-15).
33
Let r(s) be the first derivative of -2*s**3/3 + 61*s**2/2 - 14*s - 52. Calculate the remainder when 157 is divided by r(30).
13
Suppose 240 = -0*o + 2*o. Suppose 0*r = 3*r - o. Suppose 809*j - 56257 = 38396. Calculate the remainder when j is divided by r.
37
Let b = 63 - 61. Suppose 66 = -b*w + 8*w. Calculate the remainder when 124 is divided by w.
3
Let a be (1 - -11) + (1*-2)/(-1). Let p be 136*(7/a)/(2/14). Suppose 12*z = 5*z + p. What is the remainder when z is divided by 24?
20
Calculate the remainder when (((-6)/9 - -3) + -3)/(3/(-4653)) is divided by 12.
2
Suppose -5*v - 273 = -5*w - v, -4*w + 208 = 2*v. Calculate the remainder when w is divided by 22.
9
Let a = 4089 + -4081. What is the remainder when 654 is divided by a?
6
Suppose 32 = 3*k - 40. Let o be (-30)/(-4)*(8/6 - 2). Let i = o - -48. Calculate the remainder when i is divided by k.
19
Suppose 0*i = i - 4*u - 21, -3*u - 32 = -4*i. Calculate the remainder when -1*((-10)/i - 15) is divided by 10*5/(-30)*-3.
2
What is the remainder when ((-65)/(-5))/(82869/41423 - 2) is divided by 7?
5
Suppose -8*n - 2991 = -8607. Calculate the remainder when n is divided by 138.
12
Suppose 0 = -5*d - 5, 3*d + 47 = -3*p + 5*p. Suppose -46*c = -621 - 69. Calculate the remainder when p is divided by c.
7
Let a = 10372 - 10300. Calculate the remainder when 288 is divided by a.
0
Suppose 0 = 4*n - r + 3*r + 6, -9 = 2*n + 3*r. Suppose -2*l + 41 = 4*t + t, n = 2*t - 10. Calculate the remainder when 49 is divided by ((2 - 0) + l)*(-5)/(-2).
24
Suppose 2*v + 44670 = 8*y, -52*y = -47*y - 5*v - 27930. Calculate the remainder when y is divided by 1859.
6
Let t = -60 + 98. Suppose 12*y - 375 - 501 = 0. Suppose 0 = -h + y - 60. Calculate the remainder when t is divided by h.
12
Let c(j) = 5*j**2 + 9*j - 43. Let k be c(3). Suppose 101 = k*a - 943. What is the remainder when 395 is divided by a?
35
What is the remainder when 12465 + 16/(160/130) is divided by 120?
118
Let a = 15 + -1. What is the remainder when a is divided by -9*(40 - 43)/(-1 + 4)?
5
What is the remainder when 12 + 95862/48 + 4/(-32) is divided by 14?
7
Let o = 20945 + -20570. Calculate the remainder when o is divided by 48 + (2 + -1 - 2).
46
Suppose -24 = -2*w + 3*p, 8 = -0*p - 2*p. Suppose 3*c = 5*r - 57, 0 = -4*r + 29*c - 27*c + 44. What is the remainder when r is divided by w?
3
Let n be ((-46)/3)/((-8)/816). Let c = n + -1107. What is the remainder when c is divided by 27?
25
Suppose -594*l + 569*l + 2700 = 0. Calculate the remainder when 310 is divided by l.
94
Let d = 23 - 19. Suppose 0*z - 20 = -d*z. Suppose -z*t + 3*v + 63 = 0, -2*t + 4*v + 6 = -8. Calculate the remainder when 38 is divided by t.
8
Suppose -2*x + g + 6239 = 0, 34*x - 32*x + 5*g = 6221. What is the remainder when x is divided by 65?
63
Suppose 5*n + 106 = -4*s + 690, s = 1. Let f = 25550 - 25535. Calculate the remainder when n is divided by f.
11
Let d = 20 + -14. Let g(c) = 25*c + 1. Let w(i) = -25*i. Let n(s) = d*w(s) + 5*g(s). What is the remainder when n(-2) is divided by 19?
17
Let i(b) = -50*b + 36. Let o be i(0). Suppose -2*p = 4*h - 5*p - 303, 0 = -5*h - p + 374. Calculate the remainder when h is divided by (92/o - 3) + 3195/81.
36
What is the remainder when 12/(-15) - ((-12366)/45 + 1) is divided by 22/((-24)/(-10) + -2)?
53
Let v be (-1 - -182)*-3*2/6. Let m = -162 - v. Calculate the remainder when 132 is divided by m.
18
Let y = 148 - 84. Suppose 24*h - 14*h - 340 = 0. Calculate the remainder when y is divided by h.
30
Let u(f) = 17*f**2 + 10*f + 17. Let h(d) = d**2 - 11*d + 16. Let o be h(2). What is the remainder when u(o) is divided by 17?
14
Let p(f) = -5*f + 203. Let c = -143 + 175. What is the remainder when p(c) is divided by 31?
12
Suppose -2*j - 236 = -2*i, -3*j + 488 + 54 = 5*i. Calculate the remainder when 4362 is divided by i.
106
What is the remainder when 1/(15/366*8/240) is divided by 106?
96
Let l = 16958 + -16953. What is the remainder when 755 is divided by l?
0
Let k(o) = -28*o**3 - 137*o**2 - 7*o + 12. Calculate the remainder when k(-6) is divided by 51.
48
Let p(r) = r**3 + 32*r**2 + 29*r + 41. Let v be p(-31). Suppose 4*d - 2*z = -4*z + 412, 4*z - v = -d. Calculate the remainder when d is divided by 7.
5
Let f(h) be the first derivative of -h**3/3 + 13*h**2/2 + 73*h - 195. Suppose 216 = 6*a - 2*a. Calculate the remainder when a is divided by f(17).
4
Suppose 0 = -52*c - 52*c + 9672. Calculate the remainder when 181 is divided by c.
88
Let c be ((-280)/60)/(6/27). Calculate the remainder when (-2568)/c + ((-18)/21)/3 is divided by 38.
8
Suppose 5*s + 1377 = -s + 57*s. Let k(g) = 80*g**3 - 2*g**2 + 1. Let w be ((-4)/(-12))/(2/6). What is the remainder when k(w) is divided by s?
25
Suppose 0 = -18*h + 20*h + 34. Let t = h + 25. Suppose -44 - 20 = -t*i. Calculate the remainder when 39 is divided by i.
7
Let g = -76780 - -76784. Let p be 2/(6/9*-1). Let q(b) = -11*b - 2. Calculate the remainder when q(p) is divided by g.
3
Let w = -2560 - -2572. What is the remainder when 8829 is divided by w?
9
Let c = 10862 - 10690. Calculate the remainder when 329 is divided by c.
157
Let u be (-61)/1*(-7 - -8). Let k = 131 + u. What is the remainder when k is divided by 19?
13
Let d(u) = -u**3 - 4*u**2 - 6*u - 2. Let y be d(-3). What is the remainder when 49 is divided by 25 + 0*y/28?
24
Let y = -7698 - -7775. What is the remainder when 85 is divided by y?
8
Calculate the remainder when (-6)/(6 - (-1 - -8)) + 329 is divided by 64.
15
Let p(s) = -s**2 - 8*s + 7. Let x be p(-8). What is the remainder when x/(4/(-8)*-2) is divided by 5?
2
Suppose -3323*y + 3333*y = 990. Calculate the remainder when y is divided by 91.
8
Let d(p) = 9*p - 28. Let l be d(4). Suppose -l*m + 5*m - 9 = 0. Calculate the remainder when 2 - (-4 + -3 - m) is divided by 5.
1
Let d(a) = -a**3 - 36*a**2 + 66*a - 312. What is the remainder when 169 is divided by d(-38)?
33
Let i(b) = -b**3 + b**2 - b + 20. Let o(z) = -4*z - 93. Let m be o(-22). What is the remainder when (6 + 506/55)/((-2)/m) is divided by i(0)?
18
Suppose 2*q - 3*p = 3*q - 28, -5*q = -p - 140. Suppose -8*w + q = -w. Calculate the remainder when 73 is divided by w.
1
Let t = -13 - -24. Let o(n) = n**3 - 12*n**2 + 10*n + 36. What is the remainder when 49 is divided by o(t)?
24
Suppose -213*v + 74185 = -28*v. What is the remainder when 813 is divided by v?
11
Suppose -73*c + 8654 = -471. Let b(u) = -55*u - 3. Let a be b(-2). Calculate the remainder when c is divided by (-2)/5 - a/(-5).
20
Let v = 119 - -82. Let m = -184 + v. Let o(h) = 